pose v = -3*a + z + 17. What is the units digit of a?
9
Let u(v) = -v**3 - 2*v**2 - 2*v + 17. What is the tens digit of u(0)?
1
Suppose -8*i + 86 = -218. What is the tens digit of i?
3
Let g be ((-2)/(-4))/(3/18). Suppose 0 = -5*k + g*f, 0 = 4*k - 5*f + f. Suppose -4*x - x + 10 = k. What is the units digit of x?
2
Suppose 0*q + 4*q - 88 = 0. Let w = -32 + q. What is the units digit of w/4*4/(-5)?
2
Suppose 0*a = -5*c - 3*a + 21, a = 4*c - 10. What is the units digit of c?
3
Suppose 6*m = 2*m + 16. Suppose 0 = -m*i + 20. What is the units digit of i?
5
Suppose -3*u = 2*u. Suppose 9*l - 4*l = 4*g + 560, u = 5*l + g - 560. What is the units digit of (-4)/(-10) + l/20?
6
Let p = 22 - 17. What is the units digit of p?
5
What is the tens digit of (-1 - (-2 - -1)) + 82?
8
Suppose -4*p + 7 = -2*x - 5*p, 4*p = 4. What is the tens digit of x/(-6) + 84/9?
1
Suppose 4*d = 2*d - 2. Let b be 2 + (-2 - -2)/d. What is the units digit of (-1 + 3)*b/4?
1
Let n = 20 - 10. Let a be 0/(-1 + 2) + n. What is the units digit of 5/(a/8) + -2?
2
Suppose t + 0*t - 20 = 0. Let b be (1 - 4)/((-15)/t). Suppose 4*f - b*m = m + 30, m - 2 = 0. What is the units digit of f?
0
Let j be 8 + -10 - -1*1. What is the units digit of (-9)/j + (-7 - -5)?
7
Suppose 3*q + 3*w + 2*w - 1157 = 0, -4*w + 1153 = 3*q. What is the hundreds digit of q?
3
Suppose -6*w = -3*w + 27. What is the units digit of (-4 - -1)/(w/9)?
3
Let u = -49 + 143. What is the units digit of u?
4
Let t = 640 - 445. What is the hundreds digit of t?
1
Suppose -2*g + 20 = 2*g. Suppose -27 = -g*z + 98. What is the tens digit of z?
2
Let o(t) = 2*t + 22. Let d be o(9). Suppose 0 = -2*g - 4*u + d, -5*g + 2*u = -u - 74. What is the tens digit of g?
1
Suppose 2 + 2 = v. Suppose 4 = u - 5*x, 20 = 2*u + 3*u + v*x. What is the units digit of u?
4
Suppose 3*c + 2*c - 25 = 0. Let d(o) = 10*o. Let v be d(1). Let f = v - c. What is the units digit of f?
5
Let t(o) = -o**3 - 3*o**2 - o - 2. Let v be t(-3). Suppose 4*u - 9 = h, -5*h - v + 7 = -3*u. What is the units digit of u?
3
Suppose 8*h = 12*h - 28. Let m = h + -4. What is the units digit of (m + -5)/(2*-1)?
1
What is the units digit of (3/(-1))/((-42)/224)?
6
Let l(k) = k - 4. Let y be l(4). Let p = 0 + y. Suppose m = -5*g + 30, 5*m + p*m + 3*g - 40 = 0. What is the units digit of m?
5
Suppose l - 4*k = 30, -l + k + 90 = 2*l. Let o(g) = -g**3 - 4*g**2 - 5*g - 3. Let i be o(-4). Let a = l - i. What is the tens digit of a?
1
Let b(m) = 13*m**2 + 8*m + 1. Let d(s) = -12*s**2 - 7*s - 1. Let n(z) = -6*b(z) - 7*d(z). What is the units digit of n(-1)?
6
Suppose 2*m - 3*x + 7 = 1, m + 5*x + 16 = 0. Let y = 8 + m. What is the units digit of y?
2
Suppose -2*l = -4 + 2. Let f be -1 - 0 - (-1)/1. What is the units digit of 1 + f + l - -1?
3
Let z = -4 - -10. Let w(f) = -2*f**2 + 7*f + 2. Let h(u) = 3*u**2 - 11*u - 3. Let y(p) = -5*h(p) - 7*w(p). What is the units digit of y(z)?
1
Let h(p) = -3*p - 6. What is the units digit of h(-13)?
3
Let v(s) = -s**2 - 8*s. Let n be v(-8). Suppose -y + n*y + 19 = 0. What is the units digit of y?
9
Let n = 34 + -19. Let f = n + -1. What is the tens digit of f?
1
Let i be 1/(-2) + 12/8. Let h be 38 - i*(1 + -3). Suppose 3*c - 23 = h. What is the tens digit of c?
2
Let u = 65 + -36. What is the units digit of u?
9
Let t = -4 - -4. Suppose 3 = -3*n - t. What is the units digit of 3/(n/4*-6)?
2
Suppose 4*j = -y + 11, -136 = -5*y - 4*j - 17. What is the units digit of y?
7
Let c = -4 - -3. Let w be (-8)/(2/5*c). Suppose 4*p = 5*i - p - 55, w = -5*p. What is the units digit of i?
7
What is the units digit of 1*(2 - 3 - (-81)/3)?
6
Let o be -3 + (-10)/(-2) - 2. Suppose o = 2*l + 39 + 11. Let g = l + 37. What is the tens digit of g?
1
Suppose y = 77 + 128. What is the units digit of y?
5
Suppose 10 = -5*f, 2*u + 0*f = 2*f + 16. Suppose -m + u = 2*m. What is the units digit of 2 + 2*1/m?
3
Suppose -v + m + 14 = -0*m, 3*v = -3*m + 18. What is the tens digit of v?
1
Suppose 2*b - 20 = 10. Suppose 2*i - 3*i = -2*x + b, 4*x = i + 25. What is the units digit of x?
5
Let o(g) = -g**3 - 4*g**2 - 5*g - 4. Let t be o(-3). Suppose t*n + 2*n - 12 = 0. Suppose 11 = 2*l - 3*b - 10, -n*l + 34 = -4*b. What is the units digit of l?
8
Let f be ((-63)/(-12))/7*4. Suppose 0 = -4*i + f*v + 81, 0 = 3*i + i + 3*v - 111. What is the units digit of i?
4
Let y = -12 - -6. What is the units digit of (y/9)/((-4)/54)?
9
Suppose 6*x - x + 5*l - 195 = 0, x - 49 = l. What is the tens digit of x?
4
Let v = -8 + 11. Let b be (-2 + 9/v)/(-1). What is the units digit of b/((-3)/12) + -2?
2
Let u(p) = -p**3 + 7*p**2 - 6*p - 5. What is the units digit of u(5)?
5
Let l be 7 + -5 - 52/2. Let h = 35 + l. What is the tens digit of h?
1
Let c(v) = v**2 + 3*v + 22. Let w(k) = 3*k**2 + 7*k + 45. Let m(y) = 5*c(y) - 2*w(y). Let b be m(0). Suppose 5*i - b = 5. What is the units digit of i?
5
Let u(o) = o**3 - 7*o**2 + 7*o - 4. Let k be u(6). Let j(i) = 3*i - 1. Let p be j(k). Suppose -p*x = -6 + 1. What is the units digit of x?
1
Let d(o) = 3*o - 17. Let n be d(7). Let g(l) = l + 8. What is the units digit of g(n)?
2
Let m = 1 - 0. Let r = m + 2. Suppose 4*y + 5*n - r = 0, 0 = -5*y - 3*n + 1 + 6. What is the units digit of y?
2
Let x(w) = w**3 + 10*w**2 - w + 12. Let s(v) = -10*v. Let m be s(1). What is the tens digit of x(m)?
2
Suppose 56 = -4*b - 0*b. What is the tens digit of 2/3*(-483)/b?
2
Suppose -4*s + w + 19 = -5, 4*s + 5*w = 0. Suppose -4*n - n = -4*u - 9, s*n + 3*u = 37. What is the units digit of n?
5
Suppose -9*f = -5*f - 164. What is the units digit of f?
1
Let d be (-2)/4*-10*17. Suppose -4*o + d = o. Suppose -5*l + o + 13 = 0. What is the units digit of l?
6
Suppose 3*h = -3 + 15. Let f(u) = u**3 - 3*u**2 + 6*u - 4. Let s be f(h). Suppose 4*i + 0 - s = 0. What is the units digit of i?
9
Let c be (-46)/(-10) + (-2)/(-5). Suppose 2*z + 4*r + 28 = 0, 0 = c*z - 4*r + 9 + 5. What is the units digit of ((-4)/z)/(8/12)?
1
Suppose -n - 13 = -2*w - w, -2*n - 14 = -3*w. Let s be (17 - n)*(-5 + 8). Suppose z - 2*t - 5 = 0, -t - s = -5*z - 11. What is the units digit of z?
9
Let h(g) = -3*g - 3. Let i be h(-2). Suppose 2*s = -5*c + 29, c - 2*s = -i*c + 16. Suppose -2*t + 2*m = -10, 15 = 2*t - c*m - 4. What is the units digit of t?
2
Let h = 63 + 8. What is the tens digit of h?
7
Suppose -265 = -16*z + 11*z. What is the units digit of z?
3
Let o = -260 - -369. What is the hundreds digit of o?
1
Let a(n) = 6*n + 3 - 2 - 2. Let t be a(1). Suppose -2*w + 3 = f - t, -5*w + 2*f + 20 = 0. What is the units digit of w?
4
Suppose 3*s = -t + 39, 3*t + 0*t + s = 85. What is the tens digit of t?
2
Suppose -u = -4*i - 126, u = -2*u + i + 323. What is the hundreds digit of u?
1
Let w be ((-12)/(-8))/((-6)/(-8)). Suppose -w*y - 19 = -69. What is the units digit of y?
5
Suppose -2*h - 40 = -128. What is the units digit of h?
4
Let j = -573 - -833. What is the units digit of j?
0
Let w(q) = q**2 - 7*q + 4. What is the units digit of w(10)?
4
Let t = -54 - -94. Suppose 4*v - t = 4*u, -3*v - v + 42 = -2*u. What is the units digit of v?
1
Let t(g) = -g**3 + 3*g**2 - g + 4. Let z(x) = -x**2 + 9*x - 5. Suppose 4*a = -13 + 45. Let w be z(a). What is the units digit of t(w)?
1
Suppose 22 - 202 = -5*s. What is the units digit of s?
6
What is the units digit of (30 - 4)/((-4)/(-8))?
2
Suppose 0 = 4*f + f. Suppose f = -0*v - 2*v. Suppose -y = g - 11 - v, 4*y - g = 29. What is the units digit of y?
8
Let h(s) = -2*s + s - 1 - 4*s + 6*s. Let c be h(-1). What is the units digit of 2/((-8)/c)*12?
6
Suppose 3*v + 0*i - 31 = -5*i, 0 = -5*v - i + 15. Suppose 8 = 4*f + v*h, 0 = f + 3*h - 0*h - 7. What is the units digit of f?
1
Suppose 19*h - 23*h = 12. Let f(r) = -r**3 + 5*r - 4. Let l(m) = -m**3 - m**2 + 4*m - 3. Let i(u) = 2*f(u) - 3*l(u). What is the units digit of i(h)?
7
Let b = -9 - -6. Let g = b - -14. What is the tens digit of g?
1
Let v(y) = -y**3 - 4*y**2 + y - 6. What is the tens digit of v(-6)?
6
Suppose -t - 5 = -34. What is the tens digit of t?
2
Let j = 244 + 3. What is the units digit of j?
7
Suppose -s = 4*p - 40, 3*p - 41 = -s - 11. What is the units digit of p?
0
Let z = 23 - 39. Let o = z - -28. What is the units digit of o?
2
Suppose g = 2*o + 3*o + 28, -5*g + 96 = -3*o. Let q be (g/2 - -2) + -2. Let h = q - 4. 